e highest common divisor of t and 4?
4
Suppose 138*u + 8553 = 12687 + 16842. What is the highest common factor of u and 56?
8
Suppose 4*h = 3*h - 117. Suppose 37*n + 6 - 68 = 86. Let v be n/(1 - (-111)/h). Calculate the highest common divisor of 52 and v.
26
Let b(t) = 3*t**2 + 49*t + 49. Let v be b(-1). What is the highest common factor of v and 339?
3
Let w = -77 + 86. Let k be 2/w + 852/54 + 13. Calculate the greatest common divisor of 696 and k.
29
Let q = -17804 + 17840. What is the greatest common divisor of q and 484?
4
Suppose 0 = -5*t + 6*t - 476. Let s be 9/(162/264) - (-10)/(-15). Calculate the greatest common factor of t and s.
14
Suppose -28 = -5*x - 3. Let p(v) = -4*v + 62. Let g be p(15). Suppose x*c = g*w + 12, 0 = w - 0*w - c. Calculate the greatest common factor of w and 1.
1
Suppose -378980 - 18984 - 189440 = -76*u. Calculate the greatest common divisor of 59 and u.
59
Let u = 192 + -182. Suppose -u*x = -9*x - 33. What is the highest common factor of x and 44?
11
Suppose -4*n + 1150 = 382. Let i(j) = j**3 + j**2 - 24*j + 48. Let w be i(0). Calculate the greatest common factor of n and w.
48
Let k = 1273 + -1263. Suppose -168 = 7*m - k*m. Suppose 3*o = -3*b + 39, -4*b + 3*b = -3*o + 43. What is the highest common divisor of o and m?
14
Let c be -3 - -2 - ((-3)/((-12)/16) - 17). Let y be 2/2*-5*-1. Suppose -y*p + 49 = 4*m - 19, m - 2 = 0. Calculate the greatest common divisor of p and c.
12
Let c(g) = 2*g + 26. Let r be c(-11). Suppose r*k + 81 = 7*k. Suppose -5*j + k + 13 = 0. Calculate the greatest common divisor of j and 20.
4
Let s(n) = 112*n - 976. Let t be s(10). Calculate the greatest common divisor of t and 120.
24
Suppose -2*j = n - 15 + 7, -5*n = -j - 18. Suppose o - 105 = -j*o. Suppose 0 = 7*g - 2*g - o. What is the highest common factor of g and 49?
7
Let w(a) = -61*a**2 + 2134*a + 43. Let t be w(35). Calculate the highest common factor of t and 7.
1
Let b = 42 - 42. Suppose -78 = -v - b*v. Let i be (-117)/6*(-2 + 0). What is the highest common factor of v and i?
39
Let q = 17 - 7. Let x be -27*(-28)/21*(-1)/(-3). Calculate the highest common divisor of x and q.
2
Let u be (-28)/3*(-168)/392. Suppose 99 = -u*i + 139. Calculate the greatest common factor of 15 and i.
5
Let c(n) = 4*n**2 + 47*n - 3293. Let y be c(30). What is the greatest common divisor of y and 2929?
101
Suppose 7*l + 17634 = 65094. What is the greatest common divisor of l and 15?
15
Let j be (-12)/(-9)*15/(-10). Let x be j*((-189)/9 + 3). Calculate the highest common factor of x and 324.
36
Let s(t) = t**3 + 12*t**2 + 10*t + 7. Let q be s(-7). Suppose 0*m - 14*m = -q. Calculate the highest common factor of m and 26.
13
Let n be -7 + 8 - ((-1074)/2 + -2). Suppose 4*i - n = 4*o, -2*i = 3*i + o - 663. Calculate the highest common divisor of i and 38.
19
Let x be (17 + 46)/((-3)/(-12)). Calculate the greatest common divisor of x and 56.
28
Suppose -60 = -5*z + 3*j, 4*j - 28 = 5*z - 83. Suppose -z*f + 1017 = 387. Calculate the greatest common divisor of f and 70.
14
Suppose 492*g - 184842 = 3*g. Let q(i) = 5*i**2 - 3*i. Let m be q(-3). Calculate the greatest common factor of g and m.
54
Let s = 140 - 143. Let m be (s - -266) + (-2)/(-4)*-6. Calculate the greatest common divisor of m and 65.
65
Let y = 84 - 79. Suppose -5*a = -y*z + 15, 5*z + 2*a - 28 = -6. Suppose -200 + 28 = -z*t. Calculate the greatest common divisor of 301 and t.
43
Let t = 252 + -250. Suppose 8*a + 4*i - 14 = 3*a, 2*i - t = 0. What is the greatest common factor of a and 22?
2
Let z = -364 + 378. Let f(p) = p**3 - 12*p**2 - 25*p - 38. Let g be f(z). Calculate the greatest common factor of 12 and g.
4
Suppose 0 = 7*v - 175 - 175. Let m be (-828)/(-27) + (-2)/3. What is the highest common divisor of m and v?
10
Let s be (-30)/((6 - (-96)/(-12))/2). Suppose 4*z - 9 + 1 = -f, 3*f - 51 = -3*z. Calculate the highest common divisor of s and f.
10
Let h(b) = -b**3 + 11*b**2 - 17*b + 1. Let a(u) = -5*u - 1. Let y be a(-2). Let g be h(y). What is the greatest common divisor of 2 and g?
2
Let x be 14/(-16) + 42186/4272. Suppose -14 = 4*t - 34. Suppose -2*d - 3 = -t*d. Calculate the highest common factor of d and x.
1
Suppose 494 = 3*g - 16. Let m(h) = -h**3 - 9*h**2 + 19*h + 188. Let o be m(-9). What is the greatest common factor of o and g?
17
Let f(o) = -o**3 - 3*o**2 + 5*o + 5. Let p be f(-4). Let t be 14/56 + 135/4. Suppose 41*v = t*v + 28. Calculate the highest common divisor of v and p.
1
Let h = 379 - 366. Suppose -3*u + h = 4*d - 52, 5*d - 5*u - 55 = 0. What is the highest common divisor of d and 98?
14
Suppose -8*n = -3*n + 5*c - 10, c = -3. Let o be n*(-1835)/(-175) + (-3)/7. What is the highest common divisor of o and 364?
52
Let a(q) be the second derivative of -q**3/6 + 65*q**2/2 + 81*q. Let v be a(7). Calculate the highest common factor of v and 232.
58
Let n(x) = -19*x + 167. Let j be n(31). Let f = j - -802. Calculate the highest common divisor of 40 and f.
20
Suppose -2*t - 3*b = -8*b - 325, -b + 5 = 0. Calculate the greatest common factor of t and 511.
7
Let n(u) = 19 + 18 + 18 - 9 - 3*u. Let z be n(11). What is the highest common factor of z and 13?
13
Let m be (3 + 0)/(55/165). Let t be 6/(-9)*6/(-1). Let n be (1 + -3)*(-2)/t. Calculate the greatest common divisor of n and m.
1
Suppose 0 = -8*n - 1 - 31. Let y be 10/n - -2 - (-287)/14. Suppose -180 = -22*j + y*j. Calculate the highest common factor of 36 and j.
18
Let c be (2*-46)/((-4)/14). Let s = 60255 + -60227. What is the greatest common divisor of c and s?
14
Suppose -114*d + 106*d = -2880. Calculate the greatest common divisor of d and 48.
24
Suppose 5*k - 4*h = 64, k - 2*h - 8 - 6 = 0. Let y be (-1 - (-10)/(-2))/(2/(-9)). Suppose -k*n = -11*n - y. What is the greatest common factor of n and 3?
3
Suppose 20*u + d - 114 = 18*u, 0 = u - 2*d - 52. Let n be 1085 - (-16)/u*-14. What is the highest common divisor of 47 and n?
47
Let p = -2096 - -3251. Suppose -16 - 37 = -5*g - 3*k, -2*k + 57 = 5*g. Suppose g*a - p = 8*a. What is the greatest common factor of a and 21?
21
Let a(k) = 5*k**3 - 2*k**2 + 0*k**2 + 4*k - 1 - 4. Let s be (((-6)/(-105))/(7/70))/(76/266). Let w be a(s). What is the greatest common divisor of 21 and w?
7
Let m = -170 + 500. What is the highest common factor of m and 297?
33
Let q(v) = -v**3 - 10*v**2 + 49*v + 438. Let b be q(-11). What is the highest common factor of 3410 and b?
10
Let z(q) = q**3 + 4*q**2 + 4*q - 6. Let g be z(2). Let t be (-3246)/g + 7/(273/(-6)). Let m = -62 - t. Calculate the greatest common factor of 9 and m.
9
Let g = -4367 + 4402. Calculate the greatest common divisor of 259 and g.
7
Suppose 53*q = 67*q - 42. Let w = -10 + 22. Let p be 5/2*w/10. What is the greatest common factor of p and q?
3
Let t = 15196 + -12496. What is the greatest common factor of t and 200?
100
Let u(h) = -h - 9. Let f be u(-12). Let a be (-24)/3*(-12)/f. What is the highest common factor of 208 and a?
16
Let t(i) = 4 + 7 - 10 + 23*i. Let g be t(1). Suppose -g = -0*k - 3*k. Calculate the highest common divisor of k and 8.
8
Suppose u - 140 = -7*v, 0 = 5*u - 4*v - 310 - 234. Calculate the highest common divisor of u and 16912.
112
Suppose 73 = 5*x - 122. Let j = x + -17. Calculate the greatest common divisor of j and 2.
2
Let j = -2748 - -526. Let h be ((-23 - -10)/13)/(2/j). What is the highest common factor of 11 and h?
11
Let s(c) = 94*c**2 - 40*c + 219. Let u be s(9). Calculate the highest common factor of u and 282.
141
Suppose -w = -5*g - 256, -g - 4 = -5*g. Let a = 375 - w. Let j = -105 + a. What is the highest common factor of 81 and j?
9
Let b(q) = 4*q. Let r be b(1). Suppose -6*g = -19*g - 26. Let a be 512/32 + 0/g. Calculate the highest common divisor of a and r.
4
Let n be -11 - (-23)/((-322)/(-378)). Calculate the greatest common divisor of 52 and n.
4
Let n(g) = 14*g**2 + 5 + g + 24*g**2 + 0 + 36 + g**3 + 0*g**3. Let x be n(-38). Calculate the greatest common factor of 201 and x.
3
Let r(w) = -w**3 - 43*w**2 - 42*w - 84. Let t be r(-43). What is the greatest common divisor of t and 168?
42
Let m(u) = -u**2 + 35*u - 48. Suppose 4*b - 36*b + 1056 = 0. Let l be m(b). Let i be 24 + 3 + 0/(-1). What is the greatest common divisor of i and l?
9
Let o = -2961 + 3261. Calculate the highest com